vided by 154.
144
Calculate the remainder when 10675445 is divided by 9785.
10
Calculate the remainder when 834315 is divided by 357.
6
What is the remainder when 47774916 is divided by 88?
68
What is the remainder when 155091 is divided by 152506?
2585
Calculate the remainder when 10151352 is divided by 299.
3
Calculate the remainder when 17981039 is divided by 1712.
1615
What is the remainder when 9595085 is divided by 743?
726
Calculate the remainder when 1005844 is divided by 501326.
3192
Calculate the remainder when 6490686 is divided by 23264.
30
Calculate the remainder when 477871 is divided by 1874.
1
What is the remainder when 1174581 is divided by 1690?
31
Calculate the remainder when 355800 is divided by 1219.
1071
Calculate the remainder when 65187922 is divided by 3104186.
16
Calculate the remainder when 11541108 is divided by 2087.
2085
Calculate the remainder when 346528 is divided by 69.
10
Calculate the remainder when 22181 is divided by 4819.
2905
What is the remainder when 235863 is divided by 117881?
101
Calculate the remainder when 8812730 is divided by 361.
359
Calculate the remainder when 175002816 is divided by 106.
102
What is the remainder when 449604 is divided by 259?
239
Calculate the remainder when 85256955 is divided by 337.
336
What is the remainder when 38091527 is divided by 101849?
1
Calculate the remainder when 2601603 is divided by 2601601.
2
What is the remainder when 4681490 is divided by 552?
530
Calculate the remainder when 4861559 is divided by 486122.
339
What is the remainder when 10223019 is divided by 214?
25
Calculate the remainder when 215546 is divided by 364.
58
What is the remainder when 113008 is divided by 15080?
7448
What is the remainder when 1662653 is divided by 9?
2
What is the remainder when 709547353 is divided by 23?
21
What is the remainder when 58274429 is divided by 69?
65
Calculate the remainder when 21315186 is divided by 18187.
22
What is the remainder when 15393317 is divided by 243?
239
What is the remainder when 1007866 is divided by 251818?
594
Calculate the remainder when 7084170 is divided by 1012022.
16
What is the remainder when 944099 is divided by 472049?
1
Calculate the remainder when 2466849 is divided by 6.
3
What is the remainder when 8995497 is divided by 25?
22
Calculate the remainder when 17391 is divided by 108.
3
Calculate the remainder when 67896662 is divided by 537.
530
What is the remainder when 2963996 is divided by 780?
776
Calculate the remainder when 9585202 is divided by 309.
22
What is the remainder when 813287 is divided by 7071?
122
Calculate the remainder when 200729 is divided by 288.
281
Calculate the remainder when 7378958 is divided by 141903.
2
What is the remainder when 22386661 is divided by 7462214?
19
What is the remainder when 554359 is divided by 116?
111
Calculate the remainder when 191998 is divided by 768.
766
What is the remainder when 286869 is divided by 1259?
1076
Calculate the remainder when 24392178 is divided by 31802.
44
Calculate the remainder when 11930255 is divided by 13.
12
What is the remainder when 188887 is divided by 1947?
28
Calculate the remainder when 9351202 is divided by 16639.
84
What is the remainder when 2419263 is divided by 32?
31
Calculate the remainder when 87655 is divided by 12521.
8
What is the remainder when 2449424 is divided by 1224650?
124
What is the remainder when 188403246 is divided by 20401?
11
What is the remainder when 143304338 is divided by 226?
224
Calculate the remainder when 187399 is divided by 5345.
324
Calculate the remainder when 11131390 is divided by 68.
62
Calculate the remainder when 120021766 is divided by 26.
20
What is the remainder when 12020637 is divided by 5757?
21
Calculate the remainder when 31450773 is divided by 6726.
6723
Calculate the remainder when 2078357 is divided by 607.
596
Calculate the remainder when 134155256 is divided by 13.
1
Calculate the remainder when 307450 is divided by 5264.
2138
What is the remainder when 40906306 is divided by 200521?
22
What is the remainder when 5731844 is divided by 16614?
14
What is the remainder when 174051 is divided by 7109?
3435
What is the remainder when 39235 is divided by 4235?
1120
What is the remainder when 1094306 is divided by 646?
628
Calculate the remainder when 1108269 is divided by 1728.
621
Calculate the remainder when 2342591 is divided by 287.
97
Calculate the remainder when 79768 is divided by 209.
139
What is the remainder when 1758757 is divided by 176?
165
What is the remainder when 7765 is divided by 7684?
81
Calculate the remainder when 48146 is divided by 11967.
278
Calculate the remainder when 1151435 is divided by 67731.
8
Calculate the remainder when 18435 is divided by 2630.
25
What is the remainder when 220706301 is divided by 1536?
1533
Calculate the remainder when 48767 is divided by 1279.
165
What is the remainder when 37724 is divided by 8708?
2892
Calculate the remainder when 2163980 is divided by 859.
159
What is the remainder when 393583 is divided by 1868?
1303
What is the remainder when 608039 is divided by 631?
386
Calculate the remainder when 191405196 is divided by 2800.
2796
What is the remainder when 1323507 is divided by 40106?
9
What is the remainder when 40945072 is divided by 3827?
3826
What is the remainder when 187385334 is divided by 4931193?
0
Calculate the remainder when 16162844 is divided by 208.
204
Calculate the remainder when 14094862 is divided by 948.
946
What is the remainder when 1385206 is divided by 142?
138
Calculate the remainder when 348877 is divided by 17.
3
What is the remainder when 137887 is divided by 6496?
1471
Calculate the remainder when 1378770 is divided by 2089.
30
What is the remainder when 387419 is divided by 940?
139
Calculate the remainder when 1063106 is divided by 212617.
21
Calculate the remainder when 5302303 is divided by 5302283.
20
What is the remainder when 196475 is divided by 740?
375
Calculate the remainder when 2520913 is divided by 72.
49
Calculate the remainder when 4878413 is divided by 313.
308
Calculate the remainder when 163745 is divided by 13587.
701
What is the remainder when 103065509 is divided by 56?
29
Calculate the remainder when 21307 is divided by 8557.
4193
What is the remainder when 822414 is divided by 420?
54
What is the remainder when 120375 is divided by 164?
163
Calculate the remainder when 341291 is divided by 14784.
1259
What is the remainder when 8079408 is divided by 2900?
8
What is the remainder when 51750 is divided by 1724?
30
Calculate the remainder when 44222474 is divided by 31.
13
Calculate the remainder when 1049373 is divided by 52467.
33
Calculate the remainder when 3092312 is divided by 1757.
1749
Calculate the remainder when 1665396515 is divided by 1057.
1056
What is the remainder when 794402 is divided by 1528?
1370
What is the remainder when 190170 is divided by 397?
7
What is the remainder when 217310 is divided by 6777?
446
Calculate the remainder when 8947136 is divided by 825.
11
Calculate the remainder when 65496170 is divided by 65496155.
15
What is the remainder when 99768 is divided by 2556?
84
Calculate the remainder when 1794024 is divided by 59.
11
What is the remainder when 216210 is divided by 2345?
470
Calculate the remainder when 321641117 is divided by 6185406.
5
Calculate the remainder when 28233969 is divided by 7.
1
What is the remainder when 32111946 is divided by 553654?
14
Calculate the remainder when 96730510 is divided by 1015.
1010
What is the remainder when 504779 is divided by 1193?
140
What is the remainder when 402877 is divided by 12181?
904
What is the remainder when 905001 is divided by 898?
715
Calculate the remainder when 12859123 is divided by 265.
263
Calculate the remainder when 39949992 is divided by 1421.
1419
Calculate the remainder when 13644950 is divided by 199.
117
What is the remainder when 38020161 is divided by 1092?
1089
Calculate the remainder when 147470 is divided by 46931.
6677
What is the remainder when 559889 is divided by 186611?
56
Calculate the remainder when 2015862 is divided by 2974.
2464
What is the remainder when 374881180 is divided by 124960387?
19
Calculate the remainder when 24295665 is divided by 19817.
23
What is the 